24 = -4*g - 2*i, 28*g + 118060 = 33*g - 5*i. What is the thousands digit of g?
3
Let y(o) = -2*o**2 + 6*o - 4. Let c be y(2). Suppose c = 3*b - 2120 - 403. Suppose -2*g + 3*v = -451, -b = -4*g + 4*v + 51. What is the tens digit of g?
1
Suppose 2*i - 115 + 133 = 0. Let v(u) = -2*u**3 - 5*u**2 - 7*u - 9. What is the hundreds digit of v(i)?
1
Suppose -6*q - 9*q + 105 = 0. Suppose -5 = -5*x, 5*d = q*d - 3*x - 245. What is the hundreds digit of d?
1
Let j(u) = -6*u + 17. Let x be j(22). Let f = x + 313. What is the units digit of f/4 - (-12)/24?
0
Let n = 2493 - 1528. What is the hundreds digit of n?
9
Suppose -17*b + 16872 = -6*b - 18075. What is the thousands digit of b?
3
Let c be (-3 - 65)*13/(-26). What is the units digit of 75 + (3/12 - c/8)?
1
Suppose 12*i - 69597 + 25437 = 0. What is the hundreds digit of i?
6
What is the tens digit of -15 + (-464)/(-32) + (-15742)/(-4)?
3
Suppose -4*c - 5*h + 25 = 0, c + 2*c - 5 = -h. Suppose -7*v - 126 + 2674 = c. What is the hundreds digit of v?
3
Suppose 206 = -4*a - 62. Let y = a - -68. What is the hundreds digit of (6/8)/(((-3)/(-456))/y)?
1
Let o be (16/(-32))/((-1)/6). Let h(s) = s**3 + 5*s - 6. What is the units digit of h(o)?
6
Let p(j) = j. Let y be ((-12)/10)/((-6)/(-30)). Let h(i) = -i**2 - 5*i + 4. Let x(r) = y*p(r) - h(r). What is the units digit of x(-4)?
6
Let g be 1 + (-16)/(-24)*6. Suppose -3*x = -g*x + 2310. What is the tens digit of x?
5
Let z = 27402 + -10407. What is the tens digit of z?
9
Let k = 10 - 3. Let c be 6015/25 - -4 - 2/(-5). What is the units digit of (-2)/(-7) - k/(c/(-3525))?
1
Let n(m) be the first derivative of -2*m**4 + 79*m**3/3 - 19*m + 108. What is the tens digit of n(8)?
4
Suppose -18*j = -717 - 291. What is the units digit of (-5124)/j*10/(-3)?
5
Let g = 36600 + -24034. What is the tens digit of g?
6
Suppose -2*n = 5*p - 33538, 7*p - 83845 = -5*n + 11*p. What is the ten thousands digit of n?
1
Suppose -18*h = -248606 - 73918. What is the hundreds digit of h?
9
Let x = 237 - -103. Suppose 343*j = x*j + 3315. What is the thousands digit of j?
1
Let d(l) = -l**3 + 15*l**2 - 16*l - 6. Let t be d(14). Let o = t + 45. Let n(a) = 9*a + 34. What is the hundreds digit of n(o)?
1
Suppose -4*p = -4*u - 18756, 27*u - 18766 = -4*p + 29*u. What is the tens digit of p?
9
Let k(l) = -l**3 - 19*l**2 - 50*l - 333. What is the thousands digit of k(-31)?
2
Suppose -3889496 = 5*a + 4*a - 61*a. What is the units digit of a?
8
Suppose 2*n = 3*c - 1031, -2*c + 7*c - 2570 = 5*n. Let y = n + 897. What is the tens digit of y?
8
Let t(i) = -3*i**3 + 4*i**2 + 15*i + 58. Let v be t(-8). Suppose -5*y + v = 4*g, 5*y = 3*g + 1558 + 137. What is the tens digit of y?
4
Let c be 20/70 - ((-1447)/7 + 0). Suppose -6*q + 4*q - 5*k = -396, -q = -2*k - c. What is the hundreds digit of q?
2
Let u = -98 + 64. Let q be 20/(-40) + u/(-4). Suppose -11*l + q*l + 867 = 0. What is the tens digit of l?
8
Suppose -j = -l - 62, -3*l + 2*l - 2*j = 47. Suppose 15 = 3*k - 174. Let m = l + k. What is the units digit of m?
6
Suppose -10*y - 11240 = 10*y. Let z = -295 - y. What is the hundreds digit of z?
2
Let s(p) = 6188*p**2 + 593*p + 592. What is the thousands digit of s(-1)?
6
Let g(h) = -5831*h - 223. What is the ten thousands digit of g(-2)?
1
Suppose -r + 5*w - 21 = -0, -4*r + 3*w - 118 = 0. Let h be (-16)/12 + r/(-3). Suppose -4*i + h*i = 4*x - 105, 0 = 5*i - 15. What is the units digit of x?
0
Suppose -3*n - 219 = 4*f + 16, -2*f - 154 = 2*n. Let q = -37 - n. Suppose -6*c + 234 = -q. What is the tens digit of c?
4
Suppose -b - 3*j = -2, 0*b - 3*b + 4*j = -58. Suppose b*v - 601 = 1149. What is the units digit of v?
5
What is the thousands digit of (-123 + -1)*116/174*1098/(-16)?
5
Let n(u) = 15*u - 1. Suppose 0 = 2*q - 21 - 17. What is the units digit of n(q)?
4
Suppose 5*u + c - 39330 = 0, -18*u + 2*c = -17*u - 7866. What is the hundreds digit of u?
8
Let n(d) = 2*d**3 + 57*d**2 + 27*d - 44. Let h be n(-28). Let u(w) = -2*w + 9. What is the tens digit of u(h)?
4
Suppose 309998 = -22*a + 1528336. What is the hundreds digit of a?
3
Let o(t) = -2*t**2 + 17*t + 18. Let k be o(9). Let w be (0 + k)*(-645)/(-45). Suppose -6*q = 3 - w. What is the tens digit of q?
2
Let r = 14 - 12. Let j be r/(-7) + 6205/35. Suppose j = -t + 4*t. What is the units digit of t?
9
Let q be (0 - (-1 - -3))*(-30)/20. Suppose 0 = -5*f - 3*s + 234, 2*f - q*s = f + 36. Suppose -f = -4*g + 51. What is the tens digit of g?
2
Let o(a) = a**2 + 4*a + 1. Let f be o(-7). Let t = 24 - f. Let r(g) = 34*g**2 + 3*g - 5. What is the hundreds digit of r(t)?
1
Let s be (-4)/10*(-7 - -2). Suppose -2*i + 0*i + 2*t - 62 = 0, 0 = 3*i + s*t + 78. What is the tens digit of (-1980)/(-21) + 8/i?
9
Suppose 63*z = 1738 - 7408. What is the units digit of (-12)/z + 33146/30?
5
Let y(m) = 450*m**2 - 63*m + 14. What is the units digit of y(3)?
5
Let w(z) = -4*z + 14. Let x = 46 - 49. Let b be w(x). Suppose b*f - 51 = 25*f. What is the tens digit of f?
5
Suppose -63*t + 254461 + 1087439 = 0. What is the units digit of t?
0
Suppose -4*c + 2*y - 7868 = 0, 3094 + 6731 = -5*c + 5*y. Let g = c + 2953. What is the hundreds digit of g?
9
Let a = -2 - 2. Let h be (-1)/a - (-93)/(-4). Let k = 33 + h. What is the tens digit of k?
1
Let j(p) = -13*p - 11. Suppose 4*q + 21 = -3*q. Let a be j(q). Suppose -m = -132 + a. What is the hundreds digit of m?
1
Let m = 4265 - 4215. What is the units digit of m?
0
Let n(j) = -5*j + 21. Let d be n(6). Let f be (-150)/d - (-20)/(-30). Suppose 6*s = f*s - 630. What is the tens digit of s?
6
Suppose 4*i - 75 = 61. Suppose 0 = -2*s + 3*p, -4*p = 2*s + s - i. Suppose 11*u - 200 = s*u. What is the units digit of u?
0
Let b(x) = 16*x**2 + 10*x - 15. Suppose -2*r = 2*s - 4, 4 = -2*r - 5*s - 1. What is the tens digit of b(r)?
3
Let p be (-8)/(-6)*4815/10. Let y = -389 + p. What is the units digit of y?
3
Suppose -20 = r - 5*r. Let w(m) = -m**3 + 4*m**2 + 4*m + 8. Let z be w(r). Suppose 0 = -4*x + z*p + 256, 2*x - 63 = x + p. What is the units digit of x?
7
Suppose -4*q + 2*x - 45637 = -138187, 0 = -x + 3. What is the units digit of q?
9
Let j(y) = 3*y**2 + 16*y + 10. Let a(o) = -o**3 + 5*o**2 + 6*o. Let b be a(6). Let g(k) = k**3 + k**2 - 2*k - 8. Let i be g(b). What is the units digit of j(i)?
4
Suppose 169*l - 182011 = 342283 + 762303. What is the units digit of l?
3
Let t(b) = 18 - 20 + 48*b + 20 + 38. What is the tens digit of t(11)?
8
Let b = 4345 + 20941. What is the thousands digit of b?
5
Let g = -88 - -17634. What is the ten thousands digit of g?
1
Let t(o) = -283*o - 1112. What is the units digit of t(-34)?
0
Let t = 196 - 345. Let i = t - -283. Suppose -5*o = -4*a - 258 - 470, -o - 5*a + i = 0. What is the tens digit of o?
4
Let z be ((-1)/2)/((-1)/(-1186)). Let w = 265 + z. What is the tens digit of 0 - w/12 - (-4)/6?
2
Let p = -33 + 46. Let b = -13 + p. Suppose -305 = -3*q + h, 5*q + 4*h - 297 - 234 = b. What is the units digit of q?
3
Suppose -5*u + 3*g + 10080 = 439, -g = -3. Suppose -2*n = 2*x - u, -3*n + 16 - 7 = 0. What is the hundreds digit of x?
9
Let y be ((-5)/(-2))/(((-130)/(-60))/(-13)). What is the tens digit of 36 + 3*20/y?
3
What is the units digit of (-24 - -27)*12*5540/45?
2
What is the thousands digit of -26*(-10)/20 + 24089?
4
Let v(f) = -38170*f**3 - 5*f**2 - 8*f - 4. What is the tens digit of v(-1)?
6
What is the units digit of -12 + (-20144)/(40/(-5))?
6
Let f(i) = -6*i**2 + 0*i**3 + 5*i**3 + 37 - 13*i - 15*i - 4*i**3. What is the hundreds digit of f(10)?
1
Let j(b) = 151*b + 8712. What is the ten thousands digit of j(86)?
2
Let o(i) = 5*i**3 - 6*i**2 + 4*i - 2. Let d be o(4). Suppose 3*q + d = 5*q. Suppose 2*f - 61 = -4*v + q, -84 = -f + v. What is the units digit of f?
6
Suppose -403*q + 61*q + 3383064 = 0. What is the hundreds digit of q?
8
Let h = 94166 - 38688. What is the thousands digit of h?
5
Let p(a) = 109*a**3 + a**2 - 3*a + 1. Let r(m) = -2*m**2 - 20*m + 24. Let n be r(-11). What is the units digit of p(n)?
1
Let k(a) = 67*a - 31. Let n be k(2). Let x = n - -212. What is the tens digit of x?
1
Let u(r) = -4086*r + 2610. What is the thousands digit of u(-8)?
5
Let r = 108209 - 47232. What is the tens digit of r?
7
Let l(i) = 56*i**2 + 13*i + 31. Suppose -9*a + 343 = 379. What is the tens digit of l(a)?